 14 a factor of 238?
True
Does 66 divide 85470?
True
Is 18211 a multiple of 21?
False
Is 10 a factor of 1575?
False
Is 5444 a multiple of 27?
False
Is 11 a factor of 7160?
False
Is 347 a multiple of 63?
False
Is 208 a multiple of 16?
True
Does 164 divide 5412?
True
Does 49 divide 12250?
True
Is 28 a factor of 9324?
True
Does 81 divide 10773?
True
Does 7 divide 446?
False
Is 76 a multiple of 19?
True
Does 21 divide 17283?
True
Does 5 divide 380?
True
Is 100 a multiple of 6?
False
Is 20 a factor of 1140?
True
Is 586 a multiple of 3?
False
Does 37 divide 4736?
True
Is 990 a multiple of 2?
True
Is 19 a factor of 589?
True
Is 66253 a multiple of 209?
True
Does 8 divide 3272?
True
Does 22 divide 1584?
True
Is 19533 a multiple of 17?
True
Is 32 a factor of 3712?
True
Is 24 a factor of 90864?
True
Is 13 a factor of 2249?
True
Does 4 divide 60?
True
Is 16 a factor of 12233?
False
Is 56 a factor of 2486?
False
Does 11 divide 4354?
False
Is 676 a multiple of 45?
False
Does 12 divide 159?
False
Is 547 a multiple of 33?
False
Is 14 a factor of 826?
True
Does 29 divide 852?
False
Does 7 divide 259?
True
Does 4 divide 2052?
True
Is 1138 a multiple of 24?
False
Does 37 divide 3218?
False
Does 43 divide 690?
False
Is 14118 a multiple of 39?
True
Does 14 divide 1679?
False
Does 78 divide 3120?
True
Does 120 divide 14398?
False
Is 45423 a multiple of 9?
True
Is 7 a factor of 14154?
True
Is 4500 a multiple of 3?
True
Is 8 a factor of 328?
True
Is 81 a factor of 7695?
True
Is 9 a factor of 657?
True
Is 3210 a multiple of 22?
False
Is 656 a multiple of 41?
True
Does 7 divide 1716?
False
Is 4 a factor of 193?
False
Is 1554 a multiple of 16?
False
Is 116 even?
True
Is 200 a factor of 17200?
True
Is 2643 a multiple of 13?
False
Is 34 a factor of 31076?
True
Is 59 a factor of 5193?
False
Is 15 a factor of 546?
False
Is 50752 a multiple of 104?
True
Does 11 divide 2585?
True
Does 11 divide 447?
False
Does 23 divide 2557?
False
Is 387 a multiple of 21?
False
Does 4 divide 476?
True
Is 26715 a multiple of 17?
False
Does 16 divide 1671?
False
Is 86565 a multiple of 143?
False
Is 14664 a multiple of 78?
True
Does 3 divide 19?
False
Does 3 divide 210?
True
Is 14184 a multiple of 8?
True
Is 1377 a multiple of 81?
True
Is 10 a factor of 33640?
True
Is 64 a factor of 16064?
True
Does 19 divide 5534?
False
Does 21 divide 352?
False
Does 8 divide 664?
True
Does 5 divide 424?
False
Does 50 divide 24000?
True
Is 182 a multiple of 26?
True
Does 19 divide 171?
True
Does 9 divide 117?
True
Is 1344 a multiple of 21?
True
Is 11403 a multiple of 181?
True
Is 20 a factor of 1437?
False
Does 8 divide 613?
False
Does 32 divide 40839?
False
Is 29 a factor of 1557?
False
Is 1529 a multiple of 37?
False
Is 2 a factor of 914?
True
Is 8825 a multiple of 81?
False
Is 448 a multiple of 28?
True
Is 8767 a multiple of 34?
False
Is 15148 a multiple of 7?
True
Is 1482 a multiple of 26?
True
Is 10 a factor of 7498?
False
Is 3 a factor of 3049?
False
Is 6339 a multiple of 14?
False
Is 23060 a multiple of 85?
False
Does 31 divide 22320?
True
Is 97 a factor of 2910?
True
Is 810 a multiple of 14?
False
Does 3 divide 63?
True
Is 12 a factor of 5904?
True
Is 1632 a multiple of 6?
True
Is 73 a multiple of 8?
False
Is 9527 a multiple of 51?
False
Is 30009 a multiple of 40?
False
Is 7956 a multiple of 86?
False
Is 4851 a multiple of 48?
False
Does 71 divide 1278?
True
Is 272 a factor of 48498?
False
Is 889 a multiple of 80?
False
Does 40 divide 4680?
True
Is 8 a factor of 7276?
False
Is 1904 a multiple of 49?
False
Does 6 divide 10?
False
Does 30 divide 11546?
False
Does 109 divide 1048?
False
Does 8 divide 188?
False
Is 252 a multiple of 12?
True
Does 27 divide 5421?
False
Is 10 a factor of 2555?
False
Is 89 a factor of 21360?
True
Does 105 divide 1435?
False
Is 15 a factor of 125?
False
Does 111 divide 2311?
False
Does 88 divide 5632?
True
Is 47 a factor of 101097?
True
Is 5 a factor of 422?
False
Is 41047 a multiple of 54?
False
Does 36 divide 360?
True
Is 918 a multiple of 17?
True
Is 11 a factor of 39082?
False
Is 5360 a multiple of 10?
True
Is 9890 a multiple of 10?
True
Is 202 a factor of 5778?
False
Is 7156 a multiple of 143?
False
Does 26 divide 2990?
True
Does 5 divide 379?
False
Does 34 divide 714?
True
Is 35 a factor of 2135?
True
Is 21442 a multiple of 40?
False
Does 48 divide 2042?
False
Does 16 divide 11190?
False
Is 52 a factor of 70313?
False
Is 23393 a multiple of 4?
False
Is 3757 a multiple of 31?
False
Is 80868 a multiple of 92?
True
Is 5586 a multiple of 49?
True
Is 2105 a multiple of 9?
False
Does 57 divide 1938?
True
Does 311 divide 79927?
True
Is 19819 a multiple of 18?
False
Does 75 divide 2485?
False
Is 58 a factor of 10498?
True
Is 64570 a multiple of 351?
False
Is 824 a multiple of 19?
False
Does 11 divide 7777?
True
Is 1304 a multiple of 17?
False
Is 3527 a multiple of 20?
False
Is 16 a factor of 864?
True
Is 604 a multiple of 2?
True
Is 4 a factor of 1803?
False
Does 21 divide 630?
True
Is 15 a factor of 3182?
False
Is 1326 a multiple of 17?
True
Is 59412 a multiple of 12?
True
Is 216 a multiple of 9?
True
Does 88 divide 14784?
True
Does 5 divide 110?
True
Does 14 divide 112?
True
Is 46 a factor of 40894?
True
Does 8 divide 825?
False
Does 34 divide 8352?
False
Is 14 a factor of 39?
False
Is 24 a factor of 984?
True
Is 157 a factor of 30201?
False
Is 145 a factor of 3403?
False
Does 45 divide 31140?
True
Does 30 divide 399?
False
Does 24 divide 337?
False
Is 34 a factor of 1564?
True
Is 7 a factor of 516?
False
Is 75 a factor of 26850?
True
Does 18 divide 14922?
True
Is 288 a multiple of 16?
True
Is 48 a factor of 3360?
True
Is 4836 a multiple of 62?
True
Is 8379 a multiple of 57?
True
Is 1664 a multiple of 8?
True
Does 33 divide 44?
False
Is 504 a multiple of 36?
True
Is 2 a factor of 377?
False
Is 99 a multiple of 43?
False
Is 4 a factor of 1489?
False
Does 87 divide 15577?
False
Is 33 a factor of 1683?
True
Is 16318 a multiple of 3?
False
Is 90312 a multiple of 284?
True
Is 3227 a multiple of 109?
False
Does 11 divide 45683?
True
Is 2945 a multiple of 95?
True
Is 73 a factor of 2409?
True
Is 1046 a multiple of 39?
False
Is 48 a multiple of 3?
True
Is 104 a factor of 2392?
True
Does 6 divide 96?
True
Is 17 a factor of 12680?
False
Is 2481 a multiple of 4?
False
Is 3699 a multiple of 41?
False
Is 995 a multiple of 20?
False
Does 170 divide 14999?
False
Does 7 divide 1550?
False
Does 153 divide 27540?
True
Does 10 divide 41885?
False
Is 119 a multiple of 6?
False
Does 102 divide 27642?
True
Is 5522 a multiple of 22?
True
Is 224 a multiple of 8?
True
Is 221 a multiple of 15?
False
Is 34 a factor of 1496?
True
Is 426 even?
True
Is 194 a multiple of 18?
False
Is 42307 a multiple of 53?
False
Does 8 divide 1834?
False
Is 12432 a multiple of 28?
True
Is 91 a multiple of 13?
True
Is 250 a multiple of 10?
True
Does 20 divide 2680?
True
Does 25 divide 41809?
False
Is 1664 a multiple of 13?
True
Is 354 a multiple of 59?
True
Is 18 a factor of 4686?
False
Does 29 divide 8584?
True
Does 206 divide 55620?
True
Is 96 a multiple of 14?
False
Is 37372 a multiple of 69?
False
Is 20 a factor of 5240?
True
Does 16 divide 3760?
True
Is 19 a factor of 1311?
True
Does 41 divide 2629?
False
Is 12 a factor of 4872?
True
Is 12 a factor of 1428?
True
Does 22 divide 11022?
True
Does 6 divide 156?
True
Does 90 divide 18810?
True
Does 30 divide 5731?
False
Does 44 divide 44?
True
Is 395 a multiple of 5?
True
Is 905 a multiple of 29?
False
Is 52 a multiple of 4?
True
Is 111 a factor of 2475?
False
Does 15 divide 3212?
False
Does 13 divide 364?
True
Is 1409 a multiple of 18?
False
Is 693 a multiple of 22?
False
Does 12 divide 136608?
True
Does 51 divide 53142?
True
Does 5 divide 48?
False
Does 16 divide 19408?
True
Does 24 divide 23032?
False
Does 39 divide 42?
False
Is 22243 a multiple of 40?
False
Does 14 divide 798?
True
Does 64 divide 1285?
False
Does 51 divide 2448?
True
Is 33 a factor of 37503?
False
Is 1080 a multiple of 72?
True
Is 81 a factor of 15692?
False
Is 14430 a multiple of 26?
True
Does 10 divide 1443?
False
Is 2 a factor of 259?
False
Does 118 divide 4366?
True
Is 31160 a multiple of 20?
True
Does 134 divide 14874?
True
Does 9 divide 117?
True
Does 55 divide 13750?
True
Does 15 divide 100